{"id":23,"date":"2022-12-06T15:12:33","date_gmt":"2022-12-06T15:12:33","guid":{"rendered":"https:\/\/tagesmutter-lauf.de\/?page_id=23"},"modified":"2025-02-14T16:06:18","modified_gmt":"2025-02-14T16:06:18","slug":"tagesmutter-lauf","status":"publish","type":"page","link":"https:\/\/tagesmutter-lauf.de\/","title":{"rendered":"Tagesmutter Doris W\u00f6lfel"},"content":{"rendered":"\t\t<div data-elementor-type=\"wp-page\" data-elementor-id=\"23\" class=\"elementor elementor-23\">\n\t\t\t\t\t\t<section class=\"elementor-section elementor-top-section elementor-element elementor-element-4a62afc9 elementor-section-boxed elementor-section-height-default elementor-section-height-default\" data-id=\"4a62afc9\" data-element_type=\"section\" data-e-type=\"section\">\n\t\t\t\t\t\t<div class=\"elementor-container elementor-column-gap-default\">\n\t\t\t\t\t<div class=\"elementor-column elementor-col-66 elementor-top-column elementor-element elementor-element-2f34c709\" data-id=\"2f34c709\" data-element_type=\"column\" data-e-type=\"column\">\n\t\t\t<div class=\"elementor-widget-wrap elementor-element-populated\">\n\t\t\t\t\t\t<div class=\"elementor-element elementor-element-305a48e4 elementor-widget elementor-widget-text-editor\" data-id=\"305a48e4\" data-element_type=\"widget\" data-e-type=\"widget\" data-widget_type=\"text-editor.default\">\n\t\t\t\t<div class=\"elementor-widget-container\">\n\t\t\t\t\t\t\t\t\t<p>Suchen Sie eine liebevolle Betreuung und Bezugsperson f\u00fcr Ihr Kind, zu der Sie und Ihr Kind Vertrauen fassen k\u00f6nnen?<\/p>\n<p><strong>Dann kommen Sie doch zu mir!<\/strong><\/p>\n<p>Mein Name ist Doris W\u00f6lfel. Ich bin staatlich anerkannte Erzieherin mit \u00fcber 30 Jahren Berufserfahrung. Die Anerkennung als Tagesmutter habe ich durch das Jugendamt in Lauf a. d. Pegnitz. Ich bin 55 Jahre, verheiratet und habe selbst schon zwei erwachsene Kinder mit 29 und 28 Jahren.<\/p>\t\t\t\t\t\t\t\t<\/div>\n\t\t\t\t<\/div>\n\t\t\t\t\t<\/div>\n\t\t<\/div>\n\t\t\t\t<div class=\"elementor-column elementor-col-33 elementor-top-column elementor-element elementor-element-6c37a5ac\" data-id=\"6c37a5ac\" data-element_type=\"column\" data-e-type=\"column\">\n\t\t\t<div class=\"elementor-widget-wrap elementor-element-populated\">\n\t\t\t\t\t\t<div class=\"elementor-element elementor-element-2212b431 elementor-widget elementor-widget-image\" data-id=\"2212b431\" data-element_type=\"widget\" data-e-type=\"widget\" data-widget_type=\"image.default\">\n\t\t\t\t<div class=\"elementor-widget-container\">\n\t\t\t\t\t\t\t\t\t\t\t\t\t\t\t<img fetchpriority=\"high\" decoding=\"async\" width=\"300\" height=\"223\" src=\"https:\/\/tagesmutter-lauf.de\/wp-content\/uploads\/2022\/12\/d2597d97-380b-b302-edfc-249b77bef43a-e1672162462911-300x223.png\" class=\"attachment-medium size-medium wp-image-38\" alt=\"\" srcset=\"https:\/\/tagesmutter-lauf.de\/wp-content\/uploads\/2022\/12\/d2597d97-380b-b302-edfc-249b77bef43a-e1672162462911-300x223.png 300w, https:\/\/tagesmutter-lauf.de\/wp-content\/uploads\/2022\/12\/d2597d97-380b-b302-edfc-249b77bef43a-e1672162462911.png 470w\" sizes=\"100vw\" \/>\t\t\t\t\t\t\t\t\t\t\t\t\t\t\t<\/div>\n\t\t\t\t<\/div>\n\t\t\t\t\t<\/div>\n\t\t<\/div>\n\t\t\t\t\t<\/div>\n\t\t<\/section>\n\t\t\t\t<section class=\"elementor-section elementor-top-section elementor-element elementor-element-48aeb39a elementor-section-boxed elementor-section-height-default elementor-section-height-default\" data-id=\"48aeb39a\" data-element_type=\"section\" data-e-type=\"section\">\n\t\t\t\t\t\t<div class=\"elementor-container elementor-column-gap-narrow\">\n\t\t\t\t\t<div class=\"elementor-column elementor-col-100 elementor-top-column elementor-element elementor-element-30f2a25b\" data-id=\"30f2a25b\" data-element_type=\"column\" data-e-type=\"column\">\n\t\t\t<div class=\"elementor-widget-wrap\">\n\t\t\t\t\t\t\t<\/div>\n\t\t<\/div>\n\t\t\t\t\t<\/div>\n\t\t<\/section>\n\t\t\t\t<section class=\"elementor-section elementor-top-section elementor-element elementor-element-747fee2a elementor-section-boxed elementor-section-height-default elementor-section-height-default\" data-id=\"747fee2a\" data-element_type=\"section\" data-e-type=\"section\">\n\t\t\t\t\t\t<div class=\"elementor-container elementor-column-gap-default\">\n\t\t\t\t\t\t<\/div>\n\t\t<\/section>\n\t\t\t\t<section class=\"elementor-section elementor-top-section elementor-element elementor-element-34a7761a elementor-section-boxed elementor-section-height-default elementor-section-height-default\" data-id=\"34a7761a\" data-element_type=\"section\" data-e-type=\"section\">\n\t\t\t\t\t\t<div class=\"elementor-container elementor-column-gap-default\">\n\t\t\t\t\t\t<\/div>\n\t\t<\/section>\n\t\t\t\t<section class=\"elementor-section elementor-top-section elementor-element elementor-element-9d83e26 elementor-section-boxed elementor-section-height-default elementor-section-height-default\" data-id=\"9d83e26\" data-element_type=\"section\" data-e-type=\"section\">\n\t\t\t\t\t\t<div class=\"elementor-container elementor-column-gap-default\">\n\t\t\t\t\t<div class=\"elementor-column elementor-col-100 elementor-top-column elementor-element elementor-element-24aabb8\" data-id=\"24aabb8\" data-element_type=\"column\" data-e-type=\"column\">\n\t\t\t<div class=\"elementor-widget-wrap elementor-element-populated\">\n\t\t\t\t\t\t<div class=\"elementor-element elementor-element-390f2cc2 elementor-arrows-position-inside elementor-pagination-position-outside elementor-widget elementor-widget-image-carousel\" data-id=\"390f2cc2\" data-element_type=\"widget\" data-e-type=\"widget\" data-settings=\"{&quot;autoplay_speed&quot;:2500,&quot;speed&quot;:300,&quot;navigation&quot;:&quot;both&quot;,&quot;autoplay&quot;:&quot;yes&quot;,&quot;pause_on_hover&quot;:&quot;yes&quot;,&quot;pause_on_interaction&quot;:&quot;yes&quot;,&quot;infinite&quot;:&quot;yes&quot;}\" data-widget_type=\"image-carousel.default\">\n\t\t\t\t<div class=\"elementor-widget-container\">\n\t\t\t\t\t\t\t<div class=\"elementor-image-carousel-wrapper swiper\" role=\"region\" aria-roledescription=\"carousel\" aria-label=\"Bild Karussell\" dir=\"ltr\">\n\t\t\t<div class=\"elementor-image-carousel swiper-wrapper\" aria-live=\"off\">\n\t\t\t\t\t\t\t\t<div class=\"swiper-slide\" role=\"group\" aria-roledescription=\"slide\" aria-label=\"1 von 24\"><figure class=\"swiper-slide-inner\"><img decoding=\"async\" class=\"swiper-slide-image\" src=\"https:\/\/tagesmutter-lauf.de\/wp-content\/uploads\/2022\/12\/f2e93aef-58be-5aaf-ba73-24b2d65ecb26-169x300.jpg\" alt=\"\" \/><\/figure><\/div><div class=\"swiper-slide\" role=\"group\" aria-roledescription=\"slide\" aria-label=\"2 von 24\"><figure class=\"swiper-slide-inner\"><img decoding=\"async\" class=\"swiper-slide-image\" src=\"https:\/\/tagesmutter-lauf.de\/wp-content\/uploads\/2022\/12\/eefefcb9-afb0-35d9-8107-012565e602d7-300x169.jpg\" alt=\"Spiel- und  Tobezimmer\" \/><\/figure><\/div><div class=\"swiper-slide\" role=\"group\" aria-roledescription=\"slide\" aria-label=\"3 von 24\"><figure class=\"swiper-slide-inner\"><img decoding=\"async\" class=\"swiper-slide-image\" src=\"https:\/\/tagesmutter-lauf.de\/wp-content\/uploads\/2022\/12\/df62c06e-b97e-392b-90c6-5204f0279ba1-169x300.png\" alt=\"Puppenhaus\" \/><\/figure><\/div><div class=\"swiper-slide\" role=\"group\" aria-roledescription=\"slide\" aria-label=\"4 von 24\"><figure class=\"swiper-slide-inner\"><img decoding=\"async\" class=\"swiper-slide-image\" src=\"https:\/\/tagesmutter-lauf.de\/wp-content\/uploads\/2022\/12\/41ce93e0-5ccf-ad0f-7fc2-526bfa3118d1-227x300.png\" alt=\"41ce93e0-5ccf-ad0f-7fc2-526bfa3118d1\" \/><\/figure><\/div><div class=\"swiper-slide\" role=\"group\" aria-roledescription=\"slide\" aria-label=\"5 von 24\"><figure class=\"swiper-slide-inner\"><img decoding=\"async\" class=\"swiper-slide-image\" src=\"https:\/\/tagesmutter-lauf.de\/wp-content\/uploads\/2022\/12\/23e857f6-4083-2456-c075-96e7e766e24d-169x300.jpg\" alt=\"23e857f6-4083-2456-c075-96e7e766e24d\" \/><\/figure><\/div><div class=\"swiper-slide\" role=\"group\" aria-roledescription=\"slide\" aria-label=\"6 von 24\"><figure class=\"swiper-slide-inner\"><img decoding=\"async\" class=\"swiper-slide-image\" src=\"https:\/\/tagesmutter-lauf.de\/wp-content\/uploads\/2022\/12\/8b77f55f-57b2-d3e9-fe3c-e154f562ffa1-300x146.jpg\" alt=\"8b77f55f-57b2-d3e9-fe3c-e154f562ffa1\" \/><\/figure><\/div><div class=\"swiper-slide\" role=\"group\" aria-roledescription=\"slide\" aria-label=\"7 von 24\"><figure class=\"swiper-slide-inner\"><img decoding=\"async\" class=\"swiper-slide-image\" src=\"https:\/\/tagesmutter-lauf.de\/wp-content\/uploads\/2022\/12\/7cee5a57-131b-dfb0-8b81-e68b0b4743ff-169x300.png\" alt=\"Schlafraum\" \/><\/figure><\/div><div class=\"swiper-slide\" role=\"group\" aria-roledescription=\"slide\" aria-label=\"8 von 24\"><figure class=\"swiper-slide-inner\"><img decoding=\"async\" class=\"swiper-slide-image\" src=\"https:\/\/tagesmutter-lauf.de\/wp-content\/uploads\/2022\/12\/3c7fa993-6218-b28c-fd23-524e8e6540fe-300x225.jpg\" alt=\"Puppenecke\" \/><\/figure><\/div><div class=\"swiper-slide\" role=\"group\" aria-roledescription=\"slide\" aria-label=\"9 von 24\"><figure class=\"swiper-slide-inner\"><img decoding=\"async\" class=\"swiper-slide-image\" src=\"https:\/\/tagesmutter-lauf.de\/wp-content\/uploads\/2022\/12\/2bda5366-5e19-9fd8-98d7-3e17be4f9468-169x300.png\" alt=\"H\u00fchner\" \/><\/figure><\/div><div class=\"swiper-slide\" role=\"group\" aria-roledescription=\"slide\" aria-label=\"10 von 24\"><figure class=\"swiper-slide-inner\"><img decoding=\"async\" class=\"swiper-slide-image\" src=\"https:\/\/tagesmutter-lauf.de\/wp-content\/uploads\/2022\/12\/herbsttisch-300x198.jpg\" alt=\"Herbsttisch\" \/><\/figure><\/div><div class=\"swiper-slide\" role=\"group\" aria-roledescription=\"slide\" aria-label=\"11 von 24\"><figure class=\"swiper-slide-inner\"><img decoding=\"async\" class=\"swiper-slide-image\" src=\"https:\/\/tagesmutter-lauf.de\/wp-content\/uploads\/2022\/12\/alinas-laedle-169x300.jpg\" alt=\"Alinas L\u00e4dle\" \/><\/figure><\/div><div class=\"swiper-slide\" role=\"group\" aria-roledescription=\"slide\" aria-label=\"12 von 24\"><figure class=\"swiper-slide-inner\"><img decoding=\"async\" class=\"swiper-slide-image\" src=\"https:\/\/tagesmutter-lauf.de\/wp-content\/uploads\/2022\/12\/spielesammlung-169x300.jpg\" alt=\"Spielesammlung\" \/><\/figure><\/div><div class=\"swiper-slide\" role=\"group\" aria-roledescription=\"slide\" aria-label=\"13 von 24\"><figure class=\"swiper-slide-inner\"><img decoding=\"async\" class=\"swiper-slide-image\" src=\"https:\/\/tagesmutter-lauf.de\/wp-content\/uploads\/2023\/01\/20220531_093336-2-225x300.jpg\" alt=\"20220531_093336\" \/><\/figure><\/div><div class=\"swiper-slide\" role=\"group\" aria-roledescription=\"slide\" aria-label=\"14 von 24\"><figure class=\"swiper-slide-inner\"><img decoding=\"async\" class=\"swiper-slide-image\" src=\"https:\/\/tagesmutter-lauf.de\/wp-content\/uploads\/2023\/01\/20220601_151153-225x300.jpg\" alt=\"20220601_151153\" \/><\/figure><\/div><div class=\"swiper-slide\" role=\"group\" aria-roledescription=\"slide\" aria-label=\"15 von 24\"><figure class=\"swiper-slide-inner\"><img decoding=\"async\" class=\"swiper-slide-image\" src=\"https:\/\/tagesmutter-lauf.de\/wp-content\/uploads\/2023\/01\/20220606_175124-300x225.jpg\" alt=\"20220606_175124\" \/><\/figure><\/div><div class=\"swiper-slide\" role=\"group\" aria-roledescription=\"slide\" aria-label=\"16 von 24\"><figure class=\"swiper-slide-inner\"><img decoding=\"async\" class=\"swiper-slide-image\" src=\"https:\/\/tagesmutter-lauf.de\/wp-content\/uploads\/2023\/01\/20220609_070414-300x225.jpg\" alt=\"20220609_070414\" \/><\/figure><\/div><div class=\"swiper-slide\" role=\"group\" aria-roledescription=\"slide\" aria-label=\"17 von 24\"><figure class=\"swiper-slide-inner\"><img decoding=\"async\" class=\"swiper-slide-image\" src=\"https:\/\/tagesmutter-lauf.de\/wp-content\/uploads\/2023\/01\/20220609_143628-225x300.jpg\" alt=\"20220609_143628\" \/><\/figure><\/div><div class=\"swiper-slide\" role=\"group\" aria-roledescription=\"slide\" aria-label=\"18 von 24\"><figure class=\"swiper-slide-inner\"><img decoding=\"async\" class=\"swiper-slide-image\" src=\"https:\/\/tagesmutter-lauf.de\/wp-content\/uploads\/2023\/01\/20220609_144346-300x225.jpg\" alt=\"20220609_144346\" \/><\/figure><\/div><div class=\"swiper-slide\" role=\"group\" aria-roledescription=\"slide\" aria-label=\"19 von 24\"><figure class=\"swiper-slide-inner\"><img decoding=\"async\" class=\"swiper-slide-image\" src=\"https:\/\/tagesmutter-lauf.de\/wp-content\/uploads\/2023\/01\/20220609_175551-300x225.jpg\" alt=\"20220609_175551\" \/><\/figure><\/div><div class=\"swiper-slide\" role=\"group\" aria-roledescription=\"slide\" aria-label=\"20 von 24\"><figure class=\"swiper-slide-inner\"><img decoding=\"async\" class=\"swiper-slide-image\" src=\"https:\/\/tagesmutter-lauf.de\/wp-content\/uploads\/2023\/01\/20220609_174546-300x225.jpg\" alt=\"20220609_174546\" \/><\/figure><\/div><div class=\"swiper-slide\" role=\"group\" aria-roledescription=\"slide\" aria-label=\"21 von 24\"><figure class=\"swiper-slide-inner\"><img decoding=\"async\" class=\"swiper-slide-image\" src=\"https:\/\/tagesmutter-lauf.de\/wp-content\/uploads\/2023\/01\/PHOTO-2023-01-14-18-39-11-300x300.jpg\" alt=\"PHOTO-2023-01-14-18-39-11\" \/><\/figure><\/div><div class=\"swiper-slide\" role=\"group\" aria-roledescription=\"slide\" aria-label=\"22 von 24\"><figure class=\"swiper-slide-inner\"><img decoding=\"async\" class=\"swiper-slide-image\" src=\"https:\/\/tagesmutter-lauf.de\/wp-content\/uploads\/2023\/01\/20220809_103304-300x225.jpg\" alt=\"20220809_103304\" \/><\/figure><\/div><div class=\"swiper-slide\" role=\"group\" aria-roledescription=\"slide\" aria-label=\"23 von 24\"><figure class=\"swiper-slide-inner\"><img decoding=\"async\" class=\"swiper-slide-image\" src=\"https:\/\/tagesmutter-lauf.de\/wp-content\/uploads\/2023\/01\/20221004_065339-300x225.jpg\" alt=\"20221004_065339\" \/><\/figure><\/div><div class=\"swiper-slide\" role=\"group\" aria-roledescription=\"slide\" aria-label=\"24 von 24\"><figure class=\"swiper-slide-inner\"><img decoding=\"async\" class=\"swiper-slide-image\" src=\"https:\/\/tagesmutter-lauf.de\/wp-content\/uploads\/2023\/01\/20220629_172158-300x225.jpg\" alt=\"20220629_172158\" \/><\/figure><\/div>\t\t\t<\/div>\n\t\t\t\t\t\t\t\t\t\t\t\t<div class=\"elementor-swiper-button elementor-swiper-button-prev\" role=\"button\" tabindex=\"0\">\n\t\t\t\t\t\t<i aria-hidden=\"true\" class=\"eicon-chevron-left\"><\/i>\t\t\t\t\t<\/div>\n\t\t\t\t\t<div class=\"elementor-swiper-button elementor-swiper-button-next\" role=\"button\" tabindex=\"0\">\n\t\t\t\t\t\t<i aria-hidden=\"true\" class=\"eicon-chevron-right\"><\/i>\t\t\t\t\t<\/div>\n\t\t\t\t\n\t\t\t\t\t\t\t\t\t<div class=\"swiper-pagination\"><\/div>\n\t\t\t\t\t\t\t\t\t<\/div>\n\t\t\t\t\t\t<\/div>\n\t\t\t\t<\/div>\n\t\t\t\t\t<\/div>\n\t\t<\/div>\n\t\t\t\t\t<\/div>\n\t\t<\/section>\n\t\t\t\t<section class=\"elementor-section elementor-top-section elementor-element elementor-element-63544b9 elementor-section-boxed elementor-section-height-default elementor-section-height-default\" data-id=\"63544b9\" data-element_type=\"section\" data-e-type=\"section\">\n\t\t\t\t\t\t<div class=\"elementor-container elementor-column-gap-default\">\n\t\t\t\t\t<div class=\"elementor-column elementor-col-100 elementor-top-column elementor-element elementor-element-8fbfe2c\" data-id=\"8fbfe2c\" data-element_type=\"column\" data-e-type=\"column\">\n\t\t\t<div class=\"elementor-widget-wrap\">\n\t\t\t\t\t\t\t<\/div>\n\t\t<\/div>\n\t\t\t\t\t<\/div>\n\t\t<\/section>\n\t\t\t\t<\/div>\n\t\t","protected":false},"excerpt":{"rendered":"<p>Suchen Sie eine liebevolle Betreuung und Bezugsperson f\u00fcr Ihr Kind, zu der Sie und Ihr Kind Vertrauen fassen k\u00f6nnen? Dann kommen Sie doch zu mir! Mein Name ist Doris W\u00f6lfel. Ich bin staatlich anerkannte Erzieherin mit \u00fcber 30 Jahren Berufserfahrung. Die Anerkennung als Tagesmutter habe ich durch das Jugendamt in Lauf a. d. Pegnitz. Ich &hellip; <\/p>\n<p class=\"link-more\"><a href=\"https:\/\/tagesmutter-lauf.de\/\" class=\"more-link\">Mehr <span class=\"screen-reader-text\">\u00fcber &#8222;Tagesmutter Doris W\u00f6lfel&#8220; <\/span>Lesen<\/a><\/p>\n","protected":false},"author":1,"featured_media":0,"parent":0,"menu_order":0,"comment_status":"closed","ping_status":"open","template":"elementor_theme","meta":{"footnotes":""},"class_list":["post-23","page","type-page","status-publish","hentry"],"jetpack_sharing_enabled":true,"_links":{"self":[{"href":"https:\/\/tagesmutter-lauf.de\/index.php?rest_route=\/wp\/v2\/pages\/23","targetHints":{"allow":["GET"]}}],"collection":[{"href":"https:\/\/tagesmutter-lauf.de\/index.php?rest_route=\/wp\/v2\/pages"}],"about":[{"href":"https:\/\/tagesmutter-lauf.de\/index.php?rest_route=\/wp\/v2\/types\/page"}],"author":[{"embeddable":true,"href":"https:\/\/tagesmutter-lauf.de\/index.php?rest_route=\/wp\/v2\/users\/1"}],"replies":[{"embeddable":true,"href":"https:\/\/tagesmutter-lauf.de\/index.php?rest_route=%2Fwp%2Fv2%2Fcomments&post=23"}],"version-history":[{"count":148,"href":"https:\/\/tagesmutter-lauf.de\/index.php?rest_route=\/wp\/v2\/pages\/23\/revisions"}],"predecessor-version":[{"id":419,"href":"https:\/\/tagesmutter-lauf.de\/index.php?rest_route=\/wp\/v2\/pages\/23\/revisions\/419"}],"wp:attachment":[{"href":"https:\/\/tagesmutter-lauf.de\/index.php?rest_route=%2Fwp%2Fv2%2Fmedia&parent=23"}],"curies":[{"name":"wp","href":"https:\/\/api.w.org\/{rel}","templated":true}]}}